digit of 2899191?
8
What is the thousands digit of 146062?
6
What is the ten thousands digit of 6768558?
6
What is the hundred thousands digit of 13347862?
3
What is the units digit of 415989?
9
What is the hundreds digit of 1432087?
0
What is the hundreds digit of 10661520?
5
What is the tens digit of 713101?
0
What is the thousands digit of 4192898?
2
What is the hundred thousands digit of 891312?
8
What is the hundred thousands digit of 797725?
7
What is the hundreds digit of 30076299?
2
What is the ten thousands digit of 219474?
1
What is the tens digit of 24411?
1
What is the ten thousands digit of 36167545?
6
What is the ten thousands digit of 409125?
0
What is the ten thousands digit of 3403658?
0
What is the tens digit of 1307725?
2
What is the millions digit of 1284633?
1
What is the thousands digit of 303732?
3
What is the thousands digit of 545347?
5
What is the ten millions digit of 10245811?
1
What is the ten thousands digit of 385091?
8
What is the hundred thousands digit of 2168970?
1
What is the units digit of 563843?
3
What is the hundreds digit of 1322912?
9
What is the thousands digit of 68412?
8
What is the thousands digit of 7721477?
1
What is the millions digit of 2493154?
2
What is the thousands digit of 6887690?
7
What is the ten thousands digit of 381723?
8
What is the thousands digit of 15920390?
0
What is the units digit of 6318350?
0
What is the units digit of 1102488?
8
What is the millions digit of 6667523?
6
What is the units digit of 1822547?
7
What is the hundreds digit of 157884?
8
What is the ten thousands digit of 2218053?
1
What is the units digit of 3119098?
8
What is the ten thousands digit of 603666?
0
What is the thousands digit of 2867584?
7
What is the thousands digit of 2850850?
0
What is the tens digit of 57108?
0
What is the thousands digit of 269399?
9
What is the thousands digit of 2758293?
8
What is the hundreds digit of 9484321?
3
What is the millions digit of 1678912?
1
What is the hundreds digit of 21398291?
2
What is the units digit of 6877044?
4
What is the units digit of 1576035?
5
What is the hundred thousands digit of 1985779?
9
What is the hundred thousands digit of 14485466?
4
What is the ten thousands digit of 617534?
1
What is the tens digit of 1110410?
1
What is the tens digit of 19148?
4
What is the hundred thousands digit of 240552?
2
What is the units digit of 71616?
6
What is the ten thousands digit of 7466439?
6
What is the units digit of 2875071?
1
What is the units digit of 31049?
9
What is the ten thousands digit of 832712?
3
What is the units digit of 32562481?
1
What is the hundred thousands digit of 747308?
7
What is the units digit of 6667233?
3
What is the tens digit of 871916?
1
What is the hundreds digit of 17865559?
5
What is the millions digit of 8934915?
8
What is the hundred thousands digit of 692636?
6
What is the hundred thousands digit of 7479272?
4
What is the hundreds digit of 72101?
1
What is the hundreds digit of 48636?
6
What is the tens digit of 3415695?
9
What is the hundreds digit of 183074?
0
What is the hundred thousands digit of 1403500?
4
What is the thousands digit of 5952525?
2
What is the thousands digit of 89787?
9
What is the tens digit of 205627?
2
What is the tens digit of 155935?
3
What is the thousands digit of 1162756?
2
What is the units digit of 668874?
4
What is the hundred thousands digit of 3404273?
4
What is the hundred thousands digit of 704977?
7
What is the hundred thousands digit of 7165743?
1
What is the tens digit of 2212482?
8
What is the ten thousands digit of 344036?
4
What is the ten thousands digit of 13163?
1
What is the millions digit of 13959905?
3
What is the hundreds digit of 2815825?
8
What is the hundreds digit of 94443?
4
What is the hundreds digit of 9134198?
1
What is the tens digit of 322171?
7
What is the tens digit of 4808558?
5
What is the thousands digit of 61928?
1
What is the tens digit of 2458367?
6
What is the hundreds digit of 9384926?
9
What is the tens digit of 284719?
1
What is the thousands digit of 223462?
3
What is the ten thousands digit of 54953?
5
What is the hundred thousands digit of 3988348?
9
What is the units digit of 3543486?
6
What is the units digit of 2541982?
2
What is the hundreds digit of 550462?
4
What is the tens digit of 5411672?
7
What is the tens digit of 743315?
1
What is the tens digit of 81043?
4
What is the ten thousands digit of 1391136?
9
What is the hundred thousands digit of 345089?
3
What is the ten thousands digit of 72559?
7
What is the ten thousands digit of 58407?
5
What is the thousands digit of 2326493?
6
What is the units digit of 4760383?
3
What is the units digit of 250861?
1
What is the ten thousands digit of 3508449?
0
What is the ten millions digit of 12820971?
1
What is the millions digit of 1378564?
1
What is the millions digit of 17091488?
7
What is the ten thousands digit of 378299?
7
What is the units digit of 404222?
2
What is the hundred thousands digit of 700784?
7
What is the units digit of 291732?
2
What is the units digit of 3668340?
0
What is the hundred thousands digit of 391223?
3
What is the thousands digit of 818592?
8
What is the hundreds digit of 189135?
1
What is the hundreds digit of 10125181?
1
What is the units digit of 126577?
7
What is the thousands digit of 263020?
3
What is the hundred thousands digit of 15086067?
0
What is the hundreds digit of 627638?
6
What is the hundred thousands digit of 105108?
1
What is the thousands digit of 2039440?
9
What is the tens digit of 25575940?
4
What is the ten thousands digit of 203445?
0
What is the hundred thousands digit of 20171995?
1
What is the hundreds digit of 3918519?
5
What is the ten thousands digit of 546185?
4
What is the millions digit of 2241613?
2
What is the hundred thousands digit of 637606?
6
What is the ten thousands digit of 618237?
1
What is the ten thousands digit of 55412?
5
What is the thousands digit of 7490302?
0
What is the tens digit of 3508089?
8
What is the thousands digit of 2432928?
2
What is the millions digit of 8152789?
8
What is the units digit of 290349?
9
What is the hundred thousands digit of 2038370?
0
What is the tens digit of 100622?
2
What is the ten thousands digit of 2196688?
9
What is the tens digit of 32287206?
0
What is the hundreds digit of 498672?
6
What is the ten thousands digit of 10070840?
7
What is the thousands digit of 276020?
6
What is the thousands digit of 1785957?
5
What is the hundreds digit of 3953594?
5
What is the units digit of 265461?
1
What is the tens digit of 150?
5
What is the thousands digit of 12191680?
1
What is the ten thousands digit of 1566653?
6
What is the ten thousands digit of 225797?
2
What is the millions digit of 3243946?
3
What is the hundreds digit of 452075?
0
What is the ten thousands digit of 8432402?
3
What is the millions digit of 23295360?
3
What is the tens digit of 508128?
2
What is the hundred thousands digit of 1749175?
7
What is the millions digit of 2817484?
2
What is the units digit of 945237?
7
What is the hundreds digit of 244560?
5
What is the hundreds digit of 23962143?
1
What is the hundreds digit of 9364576?
5
What is the units digit of 4136402?
2
What is the units digit of 934290?
0
What is the ten thousands digit of 151627?
5
What is the ten thousands digit of 194881?
9
What is the hundred thousands digit of 3746451?
7
What is the ten thousands digit of 1372259?
7
What is the hundred thousands digit of 430995?
4
What is the millions digit of 15861478?
5
What is the hundreds digit of 15654822?
8
What is the hundreds digit of 9558?
5
What is the hundreds digit of 1126662?
6
What is the thousands digit of 1978580?
8
What is the ten thousands digit of 2064315?
6
What is the millions digit of 1400927?
1
What is the thousands digit of 137728?
7
What is the units digit of 653?
3
What is the units digit of 897828?
8
What is the units digit of 172?
2
What is the thousands digit of 6927688?
7
What is the units digit of 207939?
9
What is the hundred thousands digit of 167692?
1
What is the tens digit of 13026377?
7
What is the hundred thousands digit of 151018?
1
What is the hundred thousands digit of 777888?
7
What is the hundred thousands digit of 451954?
4
What is the millions digit of 24743